{"id":318,"date":"2023-01-25T12:59:29","date_gmt":"2023-01-25T15:59:29","guid":{"rendered":"https:\/\/compliancewomencommittee.com\/?page_id=318"},"modified":"2023-01-26T10:57:25","modified_gmt":"2023-01-26T13:57:25","slug":"capitulos","status":"publish","type":"page","link":"http:\/\/compliancewomencommittee.com\/index.php\/capitulos\/","title":{"rendered":"CAP\u00cdTULOS"},"content":{"rendered":"<p><div id='av_section_1'  class='avia-section av-av_section-f716ba51e7bf82947c918c6ed882cb73 main_color avia-section-default avia-no-border-styling  avia-builder-el-0  el_before_av_section  avia-builder-el-first  avia-bg-style-scroll container_wrap fullsize'  ><div class='container av-section-cont-open' ><main  role=\"main\" itemprop=\"mainContentOfPage\"  class='template-page content  av-content-full alpha units'><div class='post-entry post-entry-type-page post-entry-318'><div class='entry-content-wrapper clearfix'>\n\n<style type=\"text\/css\" data-created_by=\"avia_inline_auto\" id=\"style-css-av-ldbupyno-4b573e276b6c10a522dac644a14f0323\">\n#top .av-special-heading.av-ldbupyno-4b573e276b6c10a522dac644a14f0323{\npadding-bottom:10px;\n}\nbody .av-special-heading.av-ldbupyno-4b573e276b6c10a522dac644a14f0323 .av-special-heading-tag .heading-char{\nfont-size:25px;\n}\n.av-special-heading.av-ldbupyno-4b573e276b6c10a522dac644a14f0323 .av-subheading{\nfont-size:15px;\n}\n<\/style>\n<div  class='av-special-heading av-ldbupyno-4b573e276b6c10a522dac644a14f0323 av-special-heading-h2 blockquote modern-quote modern-centered'><h2 class='av-special-heading-tag'  itemprop=\"headline\"  ><b>Cap\u00edtulos no Mundo<b><\/h2><div class=\"special-heading-border\"><div class=\"special-heading-inner-border\"><\/div><\/div><\/div>\n\n<style type=\"text\/css\" data-created_by=\"avia_inline_auto\" id=\"style-css-av-ldbuqoyx-7f82e31b874c88ace0c7b0e22299a73c\">\n#top .av_textblock_section.av-ldbuqoyx-7f82e31b874c88ace0c7b0e22299a73c .avia_textblock{\nfont-size:16px;\ntext-align:justify;\n}\n<\/style>\n<section  class='av_textblock_section av-ldbuqoyx-7f82e31b874c88ace0c7b0e22299a73c'  itemscope=\"itemscope\" itemtype=\"https:\/\/schema.org\/CreativeWork\" ><div class='avia_textblock'  itemprop=\"text\" ><p>O Compliance Women Committee (\u201cCWC\u201d) diante do expressivo crescimento com mais de 1000 (mil) profissionais associadas se encontra dividido em cap\u00edtulos presentes nos Estados Brasileiros, al\u00e9m de outros pa\u00edses como\u00a0 Reino Unido, Portugal, Alemanha,\u00a0 e iniciando agora nos Estados Unidos e Israel. Ainda com integrantes na Am\u00e9rica Latina.<\/p>\n<\/div><\/section>\n<\/div><\/div><\/main><!-- close content main element --><\/div><\/div><div id='av_section_2'  class='avia-section av-av_section-f716ba51e7bf82947c918c6ed882cb73 main_color avia-section-default avia-no-border-styling avia-bg-style-scroll container_wrap fullsize'  ><div class='container av-section-cont-open' ><div class='template-page content  av-content-full alpha units'><div class='post-entry post-entry-type-page post-entry-318'><div class='entry-content-wrapper clearfix'>\n<div class='flex_column av-av_one_full-7714eba142aeda1f8b5272a3c372b279 av_one_full  avia-builder-el-1  avia-builder-el-no-sibling  first flex_column_div '     ><style type=\"text\/css\" data-created_by=\"avia_inline_auto\" id=\"style-css-av-ldbusa99-bb34254d83c57ab07ee99dba2c063a45\">\n#top .av-special-heading.av-ldbusa99-bb34254d83c57ab07ee99dba2c063a45{\npadding-bottom:10px;\n}\nbody .av-special-heading.av-ldbusa99-bb34254d83c57ab07ee99dba2c063a45 .av-special-heading-tag .heading-char{\nfont-size:25px;\n}\n.av-special-heading.av-ldbusa99-bb34254d83c57ab07ee99dba2c063a45 .av-subheading{\nfont-size:15px;\n}\n<\/style>\n<div  class='av-special-heading av-ldbusa99-bb34254d83c57ab07ee99dba2c063a45 av-special-heading-h2 blockquote modern-quote modern-centered'><h2 class='av-special-heading-tag'  itemprop=\"headline\"  ><b>Cap\u00edtulos Regionais<b><\/h2><div class=\"special-heading-border\"><div class=\"special-heading-inner-border\"><\/div><\/div><\/div><\/div><div class='flex_column av-av_one_fifth-7714eba142aeda1f8b5272a3c372b279 av_one_fifth first flex_column_div '     ><style type=\"text\/css\" data-created_by=\"avia_inline_auto\" id=\"style-css-av-ldbux1q1-927c928a7151ea718460ff63317a5471\">\n.avia-image-container.av-ldbux1q1-927c928a7151ea718460ff63317a5471 img.avia_image{\nbox-shadow:none;\n}\n.avia-image-container.av-ldbux1q1-927c928a7151ea718460ff63317a5471 .av-image-caption-overlay-center{\ncolor:#ffffff;\n}\n<\/style>\n<div  class='avia-image-container av-ldbux1q1-927c928a7151ea718460ff63317a5471 av-styling- avia-align-center'   itemprop=\"image\" itemscope=\"itemscope\" itemtype=\"https:\/\/schema.org\/ImageObject\" ><div class=\"avia-image-container-inner\"><div class=\"avia-image-overlay-wrap\"><img decoding=\"async\" class='wp-image-346 avia-img-lazy-loading-not-346 avia_image ' src=\"http:\/\/compliancewomencommittee.com\/wp-content\/uploads\/2023\/01\/sp-1.png\" alt='' title='sp'  height=\"220\" width=\"300\"  itemprop=\"thumbnailUrl\"  \/><\/div><\/div><\/div><\/div><div class='flex_column av-av_one_fifth-f1c518e9ff58e869f80c8f093487abc9 av_one_fifth flex_column_div '     ><style type=\"text\/css\" data-created_by=\"avia_inline_auto\" id=\"style-css-av-ldbuzn4u-a2972afa25c02adb58767eeaba21ad97\">\n.avia-image-container.av-ldbuzn4u-a2972afa25c02adb58767eeaba21ad97 img.avia_image{\nbox-shadow:none;\n}\n.avia-image-container.av-ldbuzn4u-a2972afa25c02adb58767eeaba21ad97 .av-image-caption-overlay-center{\ncolor:#ffffff;\n}\n<\/style>\n<div  class='avia-image-container av-ldbuzn4u-a2972afa25c02adb58767eeaba21ad97 av-styling- avia-align-center'   itemprop=\"image\" itemscope=\"itemscope\" itemtype=\"https:\/\/schema.org\/ImageObject\" ><div class=\"avia-image-container-inner\"><div class=\"avia-image-overlay-wrap\"><img decoding=\"async\" class='wp-image-347 avia-img-lazy-loading-not-347 avia_image ' src=\"http:\/\/compliancewomencommittee.com\/wp-content\/uploads\/2023\/01\/pa-1.png\" alt='' title='pa'  height=\"220\" width=\"300\"  itemprop=\"thumbnailUrl\"  \/><\/div><\/div><\/div><\/div><div class='flex_column av-av_one_fifth-f1c518e9ff58e869f80c8f093487abc9 av_one_fifth flex_column_div '     ><style type=\"text\/css\" data-created_by=\"avia_inline_auto\" id=\"style-css-av-ldbv13nq-be3e2077ca8d893f50cc4a76c4e584ee\">\n.avia-image-container.av-ldbv13nq-be3e2077ca8d893f50cc4a76c4e584ee img.avia_image{\nbox-shadow:none;\n}\n.avia-image-container.av-ldbv13nq-be3e2077ca8d893f50cc4a76c4e584ee .av-image-caption-overlay-center{\ncolor:#ffffff;\n}\n<\/style>\n<div  class='avia-image-container av-ldbv13nq-be3e2077ca8d893f50cc4a76c4e584ee av-styling- avia-align-center'   itemprop=\"image\" itemscope=\"itemscope\" itemtype=\"https:\/\/schema.org\/ImageObject\" ><div class=\"avia-image-container-inner\"><div class=\"avia-image-overlay-wrap\"><img decoding=\"async\" class='wp-image-348 avia-img-lazy-loading-not-348 avia_image ' src=\"http:\/\/compliancewomencommittee.com\/wp-content\/uploads\/2023\/01\/rj-1.png\" alt='' title='rj'  height=\"220\" width=\"300\"  itemprop=\"thumbnailUrl\"  \/><\/div><\/div><\/div><\/div><div class='flex_column av-av_one_fifth-f1c518e9ff58e869f80c8f093487abc9 av_one_fifth flex_column_div '     ><style type=\"text\/css\" data-created_by=\"avia_inline_auto\" id=\"style-css-av-ldbv2jya-fb18ef0513fc846af7d6fd44f4086eef\">\n.avia-image-container.av-ldbv2jya-fb18ef0513fc846af7d6fd44f4086eef img.avia_image{\nbox-shadow:none;\n}\n.avia-image-container.av-ldbv2jya-fb18ef0513fc846af7d6fd44f4086eef .av-image-caption-overlay-center{\ncolor:#ffffff;\n}\n<\/style>\n<div  class='avia-image-container av-ldbv2jya-fb18ef0513fc846af7d6fd44f4086eef av-styling- avia-align-center'   itemprop=\"image\" itemscope=\"itemscope\" itemtype=\"https:\/\/schema.org\/ImageObject\" ><div class=\"avia-image-container-inner\"><div class=\"avia-image-overlay-wrap\"><img decoding=\"async\" class='wp-image-349 avia-img-lazy-loading-not-349 avia_image ' src=\"http:\/\/compliancewomencommittee.com\/wp-content\/uploads\/2023\/01\/ba-1.png\" alt='' title='ba'  height=\"220\" width=\"300\"  itemprop=\"thumbnailUrl\"  \/><\/div><\/div><\/div><\/div><div class='flex_column av-av_one_fifth-f1c518e9ff58e869f80c8f093487abc9 av_one_fifth flex_column_div '     ><style type=\"text\/css\" data-created_by=\"avia_inline_auto\" id=\"style-css-av-ldbv6rh0-132d9e98b2f2e679ca1e5cd94caeaaf4\">\n.avia-image-container.av-ldbv6rh0-132d9e98b2f2e679ca1e5cd94caeaaf4 img.avia_image{\nbox-shadow:none;\n}\n.avia-image-container.av-ldbv6rh0-132d9e98b2f2e679ca1e5cd94caeaaf4 .av-image-caption-overlay-center{\ncolor:#ffffff;\n}\n<\/style>\n<div  class='avia-image-container av-ldbv6rh0-132d9e98b2f2e679ca1e5cd94caeaaf4 av-styling- avia-align-center'   itemprop=\"image\" itemscope=\"itemscope\" itemtype=\"https:\/\/schema.org\/ImageObject\" ><div class=\"avia-image-container-inner\"><div class=\"avia-image-overlay-wrap\"><img decoding=\"async\" class='wp-image-351 avia-img-lazy-loading-not-351 avia_image ' src=\"http:\/\/compliancewomencommittee.com\/wp-content\/uploads\/2023\/01\/pr.png\" alt='' title='pr'  height=\"220\" width=\"300\"  itemprop=\"thumbnailUrl\"  \/><\/div><\/div><\/div><\/div><div class='flex_column av-av_one_fifth-7714eba142aeda1f8b5272a3c372b279 av_one_fifth first flex_column_div '     ><style type=\"text\/css\" data-created_by=\"avia_inline_auto\" id=\"style-css-av-ldbv84e5-3849a36a0fb807f1d0d2e76beb088bc3\">\n.avia-image-container.av-ldbv84e5-3849a36a0fb807f1d0d2e76beb088bc3 img.avia_image{\nbox-shadow:none;\n}\n.avia-image-container.av-ldbv84e5-3849a36a0fb807f1d0d2e76beb088bc3 .av-image-caption-overlay-center{\ncolor:#ffffff;\n}\n<\/style>\n<div  class='avia-image-container av-ldbv84e5-3849a36a0fb807f1d0d2e76beb088bc3 av-styling- avia-align-center'   itemprop=\"image\" itemscope=\"itemscope\" itemtype=\"https:\/\/schema.org\/ImageObject\" ><div class=\"avia-image-container-inner\"><div class=\"avia-image-overlay-wrap\"><img decoding=\"async\" class='wp-image-353 avia-img-lazy-loading-not-353 avia_image ' src=\"http:\/\/compliancewomencommittee.com\/wp-content\/uploads\/2023\/01\/es.png\" alt='' title='es'  height=\"220\" width=\"300\"  itemprop=\"thumbnailUrl\"  \/><\/div><\/div><\/div><\/div><div class='flex_column av-av_one_fifth-f1c518e9ff58e869f80c8f093487abc9 av_one_fifth flex_column_div '     ><style type=\"text\/css\" data-created_by=\"avia_inline_auto\" id=\"style-css-av-ldbv9xmd-ba5d52a9c142fd59588fc7b2161df7eb\">\n.avia-image-container.av-ldbv9xmd-ba5d52a9c142fd59588fc7b2161df7eb img.avia_image{\nbox-shadow:none;\n}\n.avia-image-container.av-ldbv9xmd-ba5d52a9c142fd59588fc7b2161df7eb .av-image-caption-overlay-center{\ncolor:#ffffff;\n}\n<\/style>\n<div  class='avia-image-container av-ldbv9xmd-ba5d52a9c142fd59588fc7b2161df7eb av-styling- avia-align-center'   itemprop=\"image\" itemscope=\"itemscope\" itemtype=\"https:\/\/schema.org\/ImageObject\" ><div class=\"avia-image-container-inner\"><div class=\"avia-image-overlay-wrap\"><img decoding=\"async\" class='wp-image-355 avia-img-lazy-loading-not-355 avia_image ' src=\"http:\/\/compliancewomencommittee.com\/wp-content\/uploads\/2023\/01\/mg.png\" alt='' title='mg'  height=\"220\" width=\"300\"  itemprop=\"thumbnailUrl\"  \/><\/div><\/div><\/div><\/div><div class='flex_column av-av_one_fifth-f1c518e9ff58e869f80c8f093487abc9 av_one_fifth flex_column_div '     ><style type=\"text\/css\" data-created_by=\"avia_inline_auto\" id=\"style-css-av-ldbvbjcd-47a9b8d5b39502e60c65aff03e1cdfc9\">\n.avia-image-container.av-ldbvbjcd-47a9b8d5b39502e60c65aff03e1cdfc9 img.avia_image{\nbox-shadow:none;\n}\n.avia-image-container.av-ldbvbjcd-47a9b8d5b39502e60c65aff03e1cdfc9 .av-image-caption-overlay-center{\ncolor:#ffffff;\n}\n<\/style>\n<div  class='avia-image-container av-ldbvbjcd-47a9b8d5b39502e60c65aff03e1cdfc9 av-styling- avia-align-center'   itemprop=\"image\" itemscope=\"itemscope\" itemtype=\"https:\/\/schema.org\/ImageObject\" ><div class=\"avia-image-container-inner\"><div class=\"avia-image-overlay-wrap\"><img decoding=\"async\" class='wp-image-357 avia-img-lazy-loading-not-357 avia_image ' src=\"http:\/\/compliancewomencommittee.com\/wp-content\/uploads\/2023\/01\/go.png\" alt='' title='go'  height=\"220\" width=\"300\"  itemprop=\"thumbnailUrl\"  \/><\/div><\/div><\/div><\/div><div class='flex_column av-av_one_fifth-f1c518e9ff58e869f80c8f093487abc9 av_one_fifth flex_column_div '     ><style type=\"text\/css\" data-created_by=\"avia_inline_auto\" id=\"style-css-av-ldbvebi3-7b2642fc9678400e9740a97ac609acc0\">\n.avia-image-container.av-ldbvebi3-7b2642fc9678400e9740a97ac609acc0 img.avia_image{\nbox-shadow:none;\n}\n.avia-image-container.av-ldbvebi3-7b2642fc9678400e9740a97ac609acc0 .av-image-caption-overlay-center{\ncolor:#ffffff;\n}\n<\/style>\n<div  class='avia-image-container av-ldbvebi3-7b2642fc9678400e9740a97ac609acc0 av-styling- avia-align-center'   itemprop=\"image\" itemscope=\"itemscope\" itemtype=\"https:\/\/schema.org\/ImageObject\" ><div class=\"avia-image-container-inner\"><div class=\"avia-image-overlay-wrap\"><img decoding=\"async\" class='wp-image-361 avia-img-lazy-loading-not-361 avia_image ' src=\"http:\/\/compliancewomencommittee.com\/wp-content\/uploads\/2023\/01\/df.png\" alt='' title='df'  height=\"220\" width=\"300\"  itemprop=\"thumbnailUrl\"  \/><\/div><\/div><\/div><\/div><div class='flex_column av-av_one_fifth-f1c518e9ff58e869f80c8f093487abc9 av_one_fifth flex_column_div '     ><style type=\"text\/css\" data-created_by=\"avia_inline_auto\" id=\"style-css-av-ldbvhmlt-c6e6154d4aef89be627e53b9b2dfed42\">\n.avia-image-container.av-ldbvhmlt-c6e6154d4aef89be627e53b9b2dfed42 img.avia_image{\nbox-shadow:none;\n}\n.avia-image-container.av-ldbvhmlt-c6e6154d4aef89be627e53b9b2dfed42 .av-image-caption-overlay-center{\ncolor:#ffffff;\n}\n<\/style>\n<div  class='avia-image-container av-ldbvhmlt-c6e6154d4aef89be627e53b9b2dfed42 av-styling- avia-align-center'   itemprop=\"image\" itemscope=\"itemscope\" itemtype=\"https:\/\/schema.org\/ImageObject\" ><div class=\"avia-image-container-inner\"><div class=\"avia-image-overlay-wrap\"><img decoding=\"async\" class='wp-image-368 avia-img-lazy-loading-not-368 avia_image ' src=\"http:\/\/compliancewomencommittee.com\/wp-content\/uploads\/2023\/01\/sc.png\" alt='' title='sc'  height=\"220\" width=\"300\"  itemprop=\"thumbnailUrl\"  \/><\/div><\/div><\/div><\/div><div class='flex_column av-av_one_fifth-7714eba142aeda1f8b5272a3c372b279 av_one_fifth first flex_column_div '     ><style type=\"text\/css\" data-created_by=\"avia_inline_auto\" id=\"style-css-av-ldbvjcpt-0af3a467a45afc8fc0d1050326e5af86\">\n.avia-image-container.av-ldbvjcpt-0af3a467a45afc8fc0d1050326e5af86 img.avia_image{\nbox-shadow:none;\n}\n.avia-image-container.av-ldbvjcpt-0af3a467a45afc8fc0d1050326e5af86 .av-image-caption-overlay-center{\ncolor:#ffffff;\n}\n<\/style>\n<div  class='avia-image-container av-ldbvjcpt-0af3a467a45afc8fc0d1050326e5af86 av-styling- avia-align-center'   itemprop=\"image\" itemscope=\"itemscope\" itemtype=\"https:\/\/schema.org\/ImageObject\" ><div class=\"avia-image-container-inner\"><div class=\"avia-image-overlay-wrap\"><img decoding=\"async\" class='wp-image-369 avia-img-lazy-loading-not-369 avia_image ' src=\"http:\/\/compliancewomencommittee.com\/wp-content\/uploads\/2023\/01\/ce.png\" alt='' title='ce'  height=\"220\" width=\"300\"  itemprop=\"thumbnailUrl\"  \/><\/div><\/div><\/div><\/div><div class='flex_column av-av_one_fifth-f1c518e9ff58e869f80c8f093487abc9 av_one_fifth flex_column_div '     ><style type=\"text\/css\" data-created_by=\"avia_inline_auto\" id=\"style-css-av-ldbvkrfp-55372deca63139b246a0c137ecf97e0a\">\n.avia-image-container.av-ldbvkrfp-55372deca63139b246a0c137ecf97e0a img.avia_image{\nbox-shadow:none;\n}\n.avia-image-container.av-ldbvkrfp-55372deca63139b246a0c137ecf97e0a .av-image-caption-overlay-center{\ncolor:#ffffff;\n}\n<\/style>\n<div  class='avia-image-container av-ldbvkrfp-55372deca63139b246a0c137ecf97e0a av-styling- avia-align-center'   itemprop=\"image\" itemscope=\"itemscope\" itemtype=\"https:\/\/schema.org\/ImageObject\" ><div class=\"avia-image-container-inner\"><div class=\"avia-image-overlay-wrap\"><img decoding=\"async\" class='wp-image-372 avia-img-lazy-loading-not-372 avia_image ' src=\"http:\/\/compliancewomencommittee.com\/wp-content\/uploads\/2023\/01\/mt.png\" alt='' title='mt'  height=\"220\" width=\"300\"  itemprop=\"thumbnailUrl\"  \/><\/div><\/div><\/div><\/div><div class='flex_column av-av_one_fifth-f1c518e9ff58e869f80c8f093487abc9 av_one_fifth flex_column_div '     ><style type=\"text\/css\" data-created_by=\"avia_inline_auto\" id=\"style-css-av-ldbvp8hu-0f52aadf4820b9316470d0926dbbec44\">\n.avia-image-container.av-ldbvp8hu-0f52aadf4820b9316470d0926dbbec44 img.avia_image{\nbox-shadow:none;\n}\n.avia-image-container.av-ldbvp8hu-0f52aadf4820b9316470d0926dbbec44 .av-image-caption-overlay-center{\ncolor:#ffffff;\n}\n<\/style>\n<div  class='avia-image-container av-ldbvp8hu-0f52aadf4820b9316470d0926dbbec44 av-styling- avia-align-center'   itemprop=\"image\" itemscope=\"itemscope\" itemtype=\"https:\/\/schema.org\/ImageObject\" ><div class=\"avia-image-container-inner\"><div class=\"avia-image-overlay-wrap\"><img decoding=\"async\" class='wp-image-376 avia-img-lazy-loading-not-376 avia_image ' src=\"http:\/\/compliancewomencommittee.com\/wp-content\/uploads\/2023\/01\/rs.png\" alt='' title='rs'  height=\"220\" width=\"300\"  itemprop=\"thumbnailUrl\"  \/><\/div><\/div><\/div><\/div><\/p>\n","protected":false},"excerpt":{"rendered":"","protected":false},"author":2,"featured_media":0,"parent":0,"menu_order":0,"comment_status":"closed","ping_status":"closed","template":"","meta":{"_joinchat":[],"footnotes":""},"class_list":["post-318","page","type-page","status-publish","hentry"],"_links":{"self":[{"href":"http:\/\/compliancewomencommittee.com\/index.php\/wp-json\/wp\/v2\/pages\/318","targetHints":{"allow":["GET"]}}],"collection":[{"href":"http:\/\/compliancewomencommittee.com\/index.php\/wp-json\/wp\/v2\/pages"}],"about":[{"href":"http:\/\/compliancewomencommittee.com\/index.php\/wp-json\/wp\/v2\/types\/page"}],"author":[{"embeddable":true,"href":"http:\/\/compliancewomencommittee.com\/index.php\/wp-json\/wp\/v2\/users\/2"}],"replies":[{"embeddable":true,"href":"http:\/\/compliancewomencommittee.com\/index.php\/wp-json\/wp\/v2\/comments?post=318"}],"version-history":[{"count":18,"href":"http:\/\/compliancewomencommittee.com\/index.php\/wp-json\/wp\/v2\/pages\/318\/revisions"}],"predecessor-version":[{"id":377,"href":"http:\/\/compliancewomencommittee.com\/index.php\/wp-json\/wp\/v2\/pages\/318\/revisions\/377"}],"wp:attachment":[{"href":"http:\/\/compliancewomencommittee.com\/index.php\/wp-json\/wp\/v2\/media?parent=318"}],"curies":[{"name":"wp","href":"https:\/\/api.w.org\/{rel}","templated":true}]}}